{"id":779,"date":"2017-04-10T17:17:34","date_gmt":"2017-04-10T17:17:34","guid":{"rendered":"http:\/\/www.brogliplast.com.br\/site\/?page_id=779"},"modified":"2017-04-10T17:25:52","modified_gmt":"2017-04-10T17:25:52","slug":"conectores-rapidos-e-adaptadores","status":"publish","type":"page","link":"http:\/\/www.brogliplast.com.br\/site\/conectores-rapidos-e-adaptadores\/","title":{"rendered":"Conectores r\u00e1pidos e adaptadores"},"content":{"rendered":"<p>Cat\u00e1logo de Conectores r\u00e1pidos e adaptadores. Ao Entrar em contato, use a\u00a0refer\u00eancia do\u00a0produto, inicia-se com \u00a0&#8220;BRO&#8221;<\/p>\n<div id='gallery-1' class='gallery galleryid-779 gallery-columns-3 gallery-size-medium'><figure class='gallery-item'>\n\t\t\t<div class='gallery-icon landscape'>\n\t\t\t\t<a href='http:\/\/www.brogliplast.com.br\/site\/conectores-rapidos-e-adaptadores\/01-11-002\/'><img loading=\"lazy\" decoding=\"async\" width=\"300\" height=\"211\" src=\"http:\/\/www.brogliplast.com.br\/site\/wp-content\/uploads\/2017\/04\/01.11.002-300x211.jpg\" class=\"attachment-medium size-medium\" alt=\"\" aria-describedby=\"gallery-1-786\" srcset=\"http:\/\/www.brogliplast.com.br\/site\/wp-content\/uploads\/2017\/04\/01.11.002-300x211.jpg 300w, http:\/\/www.brogliplast.com.br\/site\/wp-content\/uploads\/2017\/04\/01.11.002.jpg 702w\" sizes=\"auto, (max-width: 300px) 100vw, 300px\" \/><\/a>\n\t\t\t<\/div>\n\t\t\t\t<figcaption class='wp-caption-text gallery-caption' id='gallery-1-786'>\n\t\t\t\t<h4 align=\"center\"> Conector capa preta (com an\u00e9is de viton &#8211; 1 interno e 2 externos) <\/h4> <h4 align=\"center\">Aplica\u00e7\u00f5es: PARA TUBOS DE COMBUST\u00cdVEL FIAT E GM, E RESERVAT\u00d3RIOS DE PARTIDA A FRIO. <\/h4> <\/body>\n\t\t\t\t<\/figcaption><\/figure><figure class='gallery-item'>\n\t\t\t<div class='gallery-icon landscape'>\n\t\t\t\t<a href='http:\/\/www.brogliplast.com.br\/site\/conectores-rapidos-e-adaptadores\/01-11-003\/'><img loading=\"lazy\" decoding=\"async\" width=\"300\" height=\"211\" src=\"http:\/\/www.brogliplast.com.br\/site\/wp-content\/uploads\/2017\/04\/01.11.003-300x211.jpg\" class=\"attachment-medium size-medium\" alt=\"\" aria-describedby=\"gallery-1-785\" srcset=\"http:\/\/www.brogliplast.com.br\/site\/wp-content\/uploads\/2017\/04\/01.11.003-300x211.jpg 300w, http:\/\/www.brogliplast.com.br\/site\/wp-content\/uploads\/2017\/04\/01.11.003.jpg 702w\" sizes=\"auto, (max-width: 300px) 100vw, 300px\" \/><\/a>\n\t\t\t<\/div>\n\t\t\t\t<figcaption class='wp-caption-text gallery-caption' id='gallery-1-785'>\n\t\t\t\t<h4 align=\"center\"> Conector 90\u00ba (com an\u00e9is de viton &#8211; 1 interno e 2 externos) <\/h4> <h4 align=\"center\">Aplica\u00e7\u00f5es: PARA TUBOS DE COMBUST\u00cdVEL FIAT E GM, E RESERVAT\u00d3RIOS DE PARTIDA A FRIO. <\/h4> <\/body>\n\t\t\t\t<\/figcaption><\/figure><figure class='gallery-item'>\n\t\t\t<div class='gallery-icon landscape'>\n\t\t\t\t<a href='http:\/\/www.brogliplast.com.br\/site\/conectores-rapidos-e-adaptadores\/01-11-004\/'><img loading=\"lazy\" decoding=\"async\" width=\"300\" height=\"211\" src=\"http:\/\/www.brogliplast.com.br\/site\/wp-content\/uploads\/2017\/04\/01.11.004-300x211.jpg\" class=\"attachment-medium size-medium\" alt=\"\" aria-describedby=\"gallery-1-784\" srcset=\"http:\/\/www.brogliplast.com.br\/site\/wp-content\/uploads\/2017\/04\/01.11.004-300x211.jpg 300w, http:\/\/www.brogliplast.com.br\/site\/wp-content\/uploads\/2017\/04\/01.11.004.jpg 702w\" sizes=\"auto, (max-width: 300px) 100vw, 300px\" \/><\/a>\n\t\t\t<\/div>\n\t\t\t\t<figcaption class='wp-caption-text gallery-caption' id='gallery-1-784'>\n\t\t\t\t<h4 align=\"center\"> Conector capa cinza (com an\u00e9is de viton &#8211; 1 interno e 2 externos) <\/h4> <h4 align=\"center\">Aplica\u00e7\u00f5es: PARA TUBOS DE COMBUST\u00cdVEL FIAT E GM, E RESERVAT\u00d3RIOS DE PARTIDA A FRIO. <\/h4> <\/body>\n\t\t\t\t<\/figcaption><\/figure><figure class='gallery-item'>\n\t\t\t<div class='gallery-icon landscape'>\n\t\t\t\t<a href='http:\/\/www.brogliplast.com.br\/site\/conectores-rapidos-e-adaptadores\/01-11-005\/'><img loading=\"lazy\" decoding=\"async\" width=\"300\" height=\"211\" src=\"http:\/\/www.brogliplast.com.br\/site\/wp-content\/uploads\/2017\/04\/01.11.005-300x211.jpg\" class=\"attachment-medium size-medium\" alt=\"\" aria-describedby=\"gallery-1-780\" srcset=\"http:\/\/www.brogliplast.com.br\/site\/wp-content\/uploads\/2017\/04\/01.11.005-300x211.jpg 300w, http:\/\/www.brogliplast.com.br\/site\/wp-content\/uploads\/2017\/04\/01.11.005.jpg 702w\" sizes=\"auto, (max-width: 300px) 100vw, 300px\" \/><\/a>\n\t\t\t<\/div>\n\t\t\t\t<figcaption class='wp-caption-text gallery-caption' id='gallery-1-780'>\n\t\t\t\t<h4 align=\"center\"> Plug tamp\u00e3o do reservat\u00f3rio do radiador\n &#8211; Equivalente Orig.:   AU6Z 8V103-A\n<\/h4> <h4 align=\"center\">Aplica\u00e7\u00f5es: ORIGINAL FORD, USADO EM CARROS QUE UTILIZAM ESSA PE\u00c7A NO RESERVAT\u00d3RIO.\n<\/h4> <\/body>\n\t\t\t\t<\/figcaption><\/figure><figure class='gallery-item'>\n\t\t\t<div class='gallery-icon landscape'>\n\t\t\t\t<a href='http:\/\/www.brogliplast.com.br\/site\/conectores-rapidos-e-adaptadores\/01-11-022\/'><img loading=\"lazy\" decoding=\"async\" width=\"300\" height=\"211\" src=\"http:\/\/www.brogliplast.com.br\/site\/wp-content\/uploads\/2017\/04\/01.11.022-300x211.jpg\" class=\"attachment-medium size-medium\" alt=\"\" aria-describedby=\"gallery-1-783\" srcset=\"http:\/\/www.brogliplast.com.br\/site\/wp-content\/uploads\/2017\/04\/01.11.022-300x211.jpg 300w, http:\/\/www.brogliplast.com.br\/site\/wp-content\/uploads\/2017\/04\/01.11.022.jpg 702w\" sizes=\"auto, (max-width: 300px) 100vw, 300px\" \/><\/a>\n\t\t\t<\/div>\n\t\t\t\t<figcaption class='wp-caption-text gallery-caption' id='gallery-1-783'>\n\t\t\t\t<h4 align=\"center\"> Adaptador 90\u00ba bico longo (com anel de viton) <\/h4> <h4 align=\"center\">Aplica\u00e7\u00f5es: 5\/16&#8243; X 5\/16&#8243; (8MM X 8MM)\n <\/h4> <\/body>\n\t\t\t\t<\/figcaption><\/figure><figure class='gallery-item'>\n\t\t\t<div class='gallery-icon landscape'>\n\t\t\t\t<a href='http:\/\/www.brogliplast.com.br\/site\/conectores-rapidos-e-adaptadores\/01-11-064\/'><img loading=\"lazy\" decoding=\"async\" width=\"300\" height=\"211\" src=\"http:\/\/www.brogliplast.com.br\/site\/wp-content\/uploads\/2017\/04\/01.11.064-300x211.jpg\" class=\"attachment-medium size-medium\" alt=\"\" aria-describedby=\"gallery-1-782\" srcset=\"http:\/\/www.brogliplast.com.br\/site\/wp-content\/uploads\/2017\/04\/01.11.064-300x211.jpg 300w, http:\/\/www.brogliplast.com.br\/site\/wp-content\/uploads\/2017\/04\/01.11.064.jpg 702w\" sizes=\"auto, (max-width: 300px) 100vw, 300px\" \/><\/a>\n\t\t\t<\/div>\n\t\t\t\t<figcaption class='wp-caption-text gallery-caption' id='gallery-1-782'>\n\t\t\t\t<h4 align=\"center\"> Adaptador reto bico longo (com anel de viton) <\/h4> <h4 align=\"center\">Aplica\u00e7\u00f5es: 5\/16&#8243; X 5\/16&#8243; (8MM X 8MM)  <\/h4> <\/body>\n\t\t\t\t<\/figcaption><\/figure><figure class='gallery-item'>\n\t\t\t<div class='gallery-icon landscape'>\n\t\t\t\t<a href='http:\/\/www.brogliplast.com.br\/site\/conectores-rapidos-e-adaptadores\/01-11-586\/'><img loading=\"lazy\" decoding=\"async\" width=\"300\" height=\"207\" src=\"http:\/\/www.brogliplast.com.br\/site\/wp-content\/uploads\/2017\/04\/01.11.586-300x207.jpg\" class=\"attachment-medium size-medium\" alt=\"\" aria-describedby=\"gallery-1-781\" srcset=\"http:\/\/www.brogliplast.com.br\/site\/wp-content\/uploads\/2017\/04\/01.11.586-300x207.jpg 300w, http:\/\/www.brogliplast.com.br\/site\/wp-content\/uploads\/2017\/04\/01.11.586.jpg 702w\" sizes=\"auto, (max-width: 300px) 100vw, 300px\" \/><\/a>\n\t\t\t<\/div>\n\t\t\t\t<figcaption class='wp-caption-text gallery-caption' id='gallery-1-781'>\n\t\t\t\t<h4 align=\"center\"> Pino pedal da embreagem &#8211; Equivalente Orig.: EAN 7L 586 AA <\/h4> <h4 align=\"center\">Aplica\u00e7\u00f5es: KA 97 a 2007 ECOSPORT 2007 a 2012 FIESTA 2007 a 2013 <\/h4> <\/body>\n\t\t\t\t<\/figcaption><\/figure>\n\t\t<\/div>\n\n","protected":false},"excerpt":{"rendered":"<p>Cat\u00e1logo de Conectores r\u00e1pidos e adaptadores. Ao Entrar em contato, use a\u00a0refer\u00eancia do\u00a0produto, inicia-se com \u00a0&#8220;BRO&#8221;<\/p>\n","protected":false},"author":1,"featured_media":0,"parent":0,"menu_order":0,"comment_status":"closed","ping_status":"closed","template":"","meta":{"footnotes":""},"class_list":["post-779","page","type-page","status-publish","hentry"],"_links":{"self":[{"href":"http:\/\/www.brogliplast.com.br\/site\/wp-json\/wp\/v2\/pages\/779","targetHints":{"allow":["GET"]}}],"collection":[{"href":"http:\/\/www.brogliplast.com.br\/site\/wp-json\/wp\/v2\/pages"}],"about":[{"href":"http:\/\/www.brogliplast.com.br\/site\/wp-json\/wp\/v2\/types\/page"}],"author":[{"embeddable":true,"href":"http:\/\/www.brogliplast.com.br\/site\/wp-json\/wp\/v2\/users\/1"}],"replies":[{"embeddable":true,"href":"http:\/\/www.brogliplast.com.br\/site\/wp-json\/wp\/v2\/comments?post=779"}],"version-history":[{"count":2,"href":"http:\/\/www.brogliplast.com.br\/site\/wp-json\/wp\/v2\/pages\/779\/revisions"}],"predecessor-version":[{"id":790,"href":"http:\/\/www.brogliplast.com.br\/site\/wp-json\/wp\/v2\/pages\/779\/revisions\/790"}],"wp:attachment":[{"href":"http:\/\/www.brogliplast.com.br\/site\/wp-json\/wp\/v2\/media?parent=779"}],"curies":[{"name":"wp","href":"https:\/\/api.w.org\/{rel}","templated":true}]}}