{"id":259,"date":"2015-01-02T17:35:57","date_gmt":"2015-01-02T17:35:57","guid":{"rendered":"http:\/\/www.brogliplast.com.br\/site\/?page_id=259"},"modified":"2017-04-10T17:57:41","modified_gmt":"2017-04-10T17:57:41","slug":"auto-pecas","status":"publish","type":"page","link":"http:\/\/www.brogliplast.com.br\/site\/auto-pecas\/","title":{"rendered":"Auto Pe\u00e7as"},"content":{"rendered":"<p><a href=\"http:\/\/www.brogliplast.com.br\/site\/tubos-do-cilindro-mestre-da-embreagem\/\"><img loading=\"lazy\" decoding=\"async\" src=\"http:\/\/brogliplast.com.br\/images\/seta.png\" alt=\"\" width=\"31\" height=\"20\" \/>Tubos do cilindro mestre da embreagem<\/a><\/p>\n<p><a href=\"http:\/\/www.brogliplast.com.br\/site\/tubos-de-hidrovacuo-do-freio\"><img loading=\"lazy\" decoding=\"async\" src=\"http:\/\/brogliplast.com.br\/images\/seta.png\" alt=\"\" width=\"31\" height=\"20\" \/>Tubos de hidrov\u00e1cuo de freios<\/a><\/p>\n<p><a href=\"http:\/\/www.brogliplast.com.br\/site\/tubos-de-hidrovacuo-do-freio\"><img loading=\"lazy\" decoding=\"async\" src=\"http:\/\/brogliplast.com.br\/images\/seta.png\" alt=\"\" width=\"31\" height=\"20\" \/><\/a><a href=\"http:\/\/www.brogliplast.com.br\/site\/tubos-de-envio-e-retorno-de-combustivel\/\">Tubos de\u00a0combust\u00edvel<\/a><\/p>\n<p><a href=\"http:\/\/www.brogliplast.com.br\/site\/flanges-e-conexoes\/\"><img loading=\"lazy\" decoding=\"async\" src=\"http:\/\/brogliplast.com.br\/images\/seta.png\" alt=\"\" width=\"31\" height=\"20\" \/>Flanges e conex\u00f5es<\/a><\/p>\n<p><a href=\"http:\/\/www.brogliplast.com.br\/site\/flanges-e-conexoes\/\"><img loading=\"lazy\" decoding=\"async\" src=\"http:\/\/brogliplast.com.br\/images\/seta.png\" alt=\"\" width=\"31\" height=\"20\" \/><\/a><a href=\"http:\/\/www.brogliplast.com.br\/site\/conectores-rapidos-e-adaptadores\/\">Conectores e adaptadores<\/a><\/p>\n<p><a href=\"http:\/\/www.brogliplast.com.br\/site\/tubos-de-hidrovacuo-do-freio\"><img loading=\"lazy\" decoding=\"async\" src=\"http:\/\/brogliplast.com.br\/images\/seta.png\" alt=\"\" width=\"31\" height=\"20\" \/><\/a><a href=\"http:\/\/www.brogliplast.com.br\/site\/mangueiras-de-retorno-de-agua-do-reservatorio-de-expansao-do-radiador\/\">Mangueiras reservat\u00f3rio de \u00e1gua\u00a0radiador<\/a><\/p>\n<p><a href=\"http:\/\/www.brogliplast.com.br\/site\/acessorios\"><img loading=\"lazy\" decoding=\"async\" src=\"http:\/\/brogliplast.com.br\/images\/seta.png\" alt=\"\" width=\"31\" height=\"20\" \/>Acess\u00f3rios<\/a><\/p>\n<p>&nbsp;<\/p>\n","protected":false},"excerpt":{"rendered":"<p>Tubos do cilindro mestre da embreagem Tubos de hidrov\u00e1cuo de freios Tubos de\u00a0combust\u00edvel Flanges e conex\u00f5es Conectores e adaptadores Mangueiras reservat\u00f3rio de \u00e1gua\u00a0radiador Acess\u00f3rios &nbsp;<\/p>\n","protected":false},"author":1,"featured_media":0,"parent":0,"menu_order":0,"comment_status":"open","ping_status":"open","template":"","meta":{"footnotes":""},"class_list":["post-259","page","type-page","status-publish","hentry"],"_links":{"self":[{"href":"http:\/\/www.brogliplast.com.br\/site\/wp-json\/wp\/v2\/pages\/259","targetHints":{"allow":["GET"]}}],"collection":[{"href":"http:\/\/www.brogliplast.com.br\/site\/wp-json\/wp\/v2\/pages"}],"about":[{"href":"http:\/\/www.brogliplast.com.br\/site\/wp-json\/wp\/v2\/types\/page"}],"author":[{"embeddable":true,"href":"http:\/\/www.brogliplast.com.br\/site\/wp-json\/wp\/v2\/users\/1"}],"replies":[{"embeddable":true,"href":"http:\/\/www.brogliplast.com.br\/site\/wp-json\/wp\/v2\/comments?post=259"}],"version-history":[{"count":15,"href":"http:\/\/www.brogliplast.com.br\/site\/wp-json\/wp\/v2\/pages\/259\/revisions"}],"predecessor-version":[{"id":805,"href":"http:\/\/www.brogliplast.com.br\/site\/wp-json\/wp\/v2\/pages\/259\/revisions\/805"}],"wp:attachment":[{"href":"http:\/\/www.brogliplast.com.br\/site\/wp-json\/wp\/v2\/media?parent=259"}],"curies":[{"name":"wp","href":"https:\/\/api.w.org\/{rel}","templated":true}]}}