{"id":126,"date":"2014-12-26T11:15:38","date_gmt":"2014-12-26T11:15:38","guid":{"rendered":"http:\/\/www.brogliplast.com.br\/site\/?page_id=126"},"modified":"2014-12-26T11:16:59","modified_gmt":"2014-12-26T11:16:59","slug":"social","status":"publish","type":"page","link":"http:\/\/www.brogliplast.com.br\/site\/social\/","title":{"rendered":"Social"},"content":{"rendered":"<p><img loading=\"lazy\" decoding=\"async\" class=\" alignleft\" src=\"http:\/\/www.brogliplast.com.br\/images\/responsabilidade\/social.jpg\" alt=\"\" width=\"123\" height=\"122\" \/><\/p>\n<p class=\"style53\" align=\"left\"><img loading=\"lazy\" decoding=\"async\" src=\"http:\/\/www.brogliplast.com.br\/images\/seta.png\" alt=\"\" width=\"31\" height=\"20\" \/>Ao lado temos duas institui\u00e7\u00f5es que n\u00f3s da <img loading=\"lazy\" decoding=\"async\" src=\"http:\/\/www.brogliplast.com.br\/images\/textomarca.png\" alt=\"\" width=\"115\" height=\"22\" \/> ajudamos.<\/p>\n<p class=\"unnamed1 style3\" align=\"left\"><span class=\"style53\"><img loading=\"lazy\" decoding=\"async\" src=\"http:\/\/www.brogliplast.com.br\/images\/seta.png\" alt=\"\" width=\"31\" height=\"20\" \/>Acesse as p\u00e1ginas de cada uma delas para conhec\u00ea-las melhor e se desejar, junte-se a n\u00f3s.<\/span><\/p>\n<p class=\"style23 style53\" align=\"justify\">\u00a0 \u00a0 \u00a0 \u00a0 \u00a0 \u00a0 \u00a0<object width=\"205\" height=\"126\" classid=\"clsid:D27CDB6E-AE6D-11cf-96B8-444553540000\" codebase=\"http:\/\/download.macromedia.com\/pub\/shockwave\/cabs\/flash\/swflash.cab#version=6,0,29,0\"><embed src=\"http:\/\/www.brogliplast.com.br\/flash\/btn_creche.swf\" width=\"205\" height=\"126\" quality=\"high\" pluginspage=\"http:\/\/www.macromedia.com\/go\/getflashplayer\" type=\"application\/x-shockwave-flash\" wmode=\"transparent\" \/><\/object>\u00a0 \u00a0 \u00a0<object width=\"205\" height=\"126\" classid=\"clsid:D27CDB6E-AE6D-11cf-96B8-444553540000\" codebase=\"http:\/\/download.macromedia.com\/pub\/shockwave\/cabs\/flash\/swflash.cab#version=6,0,29,0\"><embed src=\"http:\/\/www.brogliplast.com.br\/flash\/btn_villacrista.swf\" width=\"205\" height=\"126\" quality=\"high\" pluginspage=\"http:\/\/www.macromedia.com\/go\/getflashplayer\" type=\"application\/x-shockwave-flash\" wmode=\"transparent\" \/><\/object><\/p>\n<p class=\"style23 style53\" align=\"justify\">\u00a0 <span style=\"color: #b11c57;\">\u00a0\u00a0ATEN\u00c7\u00c3O:<\/span><\/p>\n<p class=\"style24\"><span class=\"style55\"><span style=\"color: #b11c57;\">\u201c LEMBRE-SE DE QUE NOSSOS ALTOS IMPOSTOS PODEM SER CONVERTIDOS EM DOA\u00c7\u00c3O A ENTIDADES BENEFICENTES COMO ESTAS !<\/span> <span style=\"color: #b11c57;\">\u201d<\/span><\/span><\/p>\n","protected":false},"excerpt":{"rendered":"<p>Ao lado temos duas institui\u00e7\u00f5es que n\u00f3s da ajudamos. Acesse as p\u00e1ginas de cada uma delas para conhec\u00ea-las melhor e se desejar, junte-se a n\u00f3s. \u00a0 \u00a0 \u00a0 \u00a0 \u00a0 \u00a0 \u00a0\u00a0 \u00a0 \u00a0 \u00a0 \u00a0\u00a0ATEN\u00c7\u00c3O: \u201c LEMBRE-SE DE QUE<\/p>\n","protected":false},"author":1,"featured_media":0,"parent":0,"menu_order":0,"comment_status":"open","ping_status":"open","template":"","meta":{"footnotes":""},"class_list":["post-126","page","type-page","status-publish","hentry"],"_links":{"self":[{"href":"http:\/\/www.brogliplast.com.br\/site\/wp-json\/wp\/v2\/pages\/126","targetHints":{"allow":["GET"]}}],"collection":[{"href":"http:\/\/www.brogliplast.com.br\/site\/wp-json\/wp\/v2\/pages"}],"about":[{"href":"http:\/\/www.brogliplast.com.br\/site\/wp-json\/wp\/v2\/types\/page"}],"author":[{"embeddable":true,"href":"http:\/\/www.brogliplast.com.br\/site\/wp-json\/wp\/v2\/users\/1"}],"replies":[{"embeddable":true,"href":"http:\/\/www.brogliplast.com.br\/site\/wp-json\/wp\/v2\/comments?post=126"}],"version-history":[{"count":2,"href":"http:\/\/www.brogliplast.com.br\/site\/wp-json\/wp\/v2\/pages\/126\/revisions"}],"predecessor-version":[{"id":128,"href":"http:\/\/www.brogliplast.com.br\/site\/wp-json\/wp\/v2\/pages\/126\/revisions\/128"}],"wp:attachment":[{"href":"http:\/\/www.brogliplast.com.br\/site\/wp-json\/wp\/v2\/media?parent=126"}],"curies":[{"name":"wp","href":"https:\/\/api.w.org\/{rel}","templated":true}]}}